 1767. Determine k(5).
3
Let a(z) = 388*z + 45780. Calculate a(-118).
-4
Let p(n) = -n**3 - 91*n - 303. Give p(-3).
-3
Let y(i) = -i**3 - 51*i**2 + 53*i + 59. What is y(-52)?
7
Let d(g) = 5*g**2 - 62*g + 16. What is d(12)?
-8
Let j(d) = -196*d - 305. What is j(-1)?
-109
Let r(k) = -2*k**3 + 13*k**2 - 2*k - 28. What is r(6)?
-4
Let b(k) = 18*k**2 - 4*k - 9. Calculate b(2).
55
Let p(x) = -3*x**3 + 4*x**2 + 83*x + 79. Calculate p(-1).
3
Let q(m) = m**3 + 30*m**2 + 3*m + 102. Give q(-30).
12
Let i(f) = 73*f**3 + f**2 + 4*f + 2. What is i(-1)?
-74
Let x(w) = -13*w - 1048. Determine x(-81).
5
Let x(j) = -4*j**2 - 36*j - 104. What is x(-6)?
-32
Let a(h) = -2*h**3 - 224*h**2 - 224*h - 219. Calculate a(-111).
3
Let v(w) = 211*w + 3379. Determine v(-16).
3
Let y(f) = 2853*f + 25670. Calculate y(-9).
-7
Let z(h) = 555*h - 22763. Calculate z(41).
-8
Let f(u) = u**2 - 495*u - 989. Determine f(-2).
5
Let v(r) = -219*r - 664. Determine v(-3).
-7
Let t(u) = 17*u**2 + 138*u + 256. What is t(-4)?
-24
Let b(p) = -p**3 - 17*p**2 - 77*p - 108. What is b(-3)?
-3
Let w(k) = k**2 - 115*k + 318. Give w(112).
-18
Let a(w) = -5*w**3 + 2*w**2 + 11*w + 3. Give a(-3).
123
Let b(x) = 3*x**2 - 30*x - 10. Determine b(9).
-37
Let l(o) = 66*o - 10047. Determine l(150).
-147
Let q(c) = c**2 - 5222*c - 115366. Determine q(-22).
2
Let p(s) = -s**2 - 10*s + 7643. What is p(83)?
-76
Let j(d) = 80*d - 730. Calculate j(13).
310
Let g(v) = v**2 + 139*v - 7824. Give g(-182).
2
Let u(v) = -33*v - 2595. Calculate u(-78).
-21
Let l(s) = 90*s**2 + 272*s + 9. Determine l(-3).
3
Let t(d) = -4*d**2 - 114*d + 598. Determine t(-33).
4
Let i(s) = 3*s**2 - 77*s - 160. Give i(-2).
6
Let i(q) = -368*q + 18364. Determine i(50).
-36
Let x(z) = -z**3 + 19*z**2 - 125*z + 550. Determine x(12).
58
Let g(d) = 11*d - 70. Calculate g(10).
40
Let z(k) = -k**3 - 18*k**2 + 5*k - 97. Calculate z(-19).
169
Let x(r) = 91*r + 119. Determine x(-3).
-154
Let p(s) = 12*s**3 - 157*s**2 - 151*s - 33. Determine p(14).
9
Let q(f) = 4*f**2 - 6*f + 9. Give q(7).
163
Let w(x) = -x**3 + 27*x**2 - 109*x - 33. What is w(22)?
-11
Let l(z) = -66*z + 151. What is l(2)?
19
Let y(g) = g**2 - 3124*g + 34240. Determine y(11).
-3
Let c(a) = -a**3 - 2*a**2 + 28*a - 5. What is c(-7)?
44
Let r(k) = k**3 - 4*k**2 + k - 72. Determine r(6).
6
Let v(l) = -l**3 + 13*l**2 - 24*l + 29. Give v(11).
7
Let n(g) = -63*g - 105. What is n(-11)?
588
Let a(z) = 4*z**2 - 189*z - 12. Give a(47).
-59
Let b(c) = 2*c**2 - 129*c - 317. Determine b(67).
18
Let y(w) = -1086*w**2 + 6522*w - 14. Calculate y(6).
22
Let x(j) = 295*j - 41241. Calculate x(140).
59
Let y(n) = 345*n + 23. Determine y(-1).
-322
Let w(o) = -2273*o - 18191. Determine w(-8).
-7
Let z(q) = 2*q**2 - 10*q + 70. Give z(10).
170
Let a(u) = -701*u - 4908. What is a(-7)?
-1
Let c(m) = -44*m - 43. Give c(2).
-131
Let o(z) = -24*z**2 + 1466*z - 113. Determine o(61).
9
Let o(a) = -a**2 + 11*a + 106. Calculate o(20).
-74
Let k(w) = w**3 + 7*w + 2. Calculate k(-5).
-158
Let p(v) = -v**2 - 41*v + 92. Determine p(-43).
6
Let a(d) = -3*d**3 - 3*d**2 + 20*d + 46. What is a(-6)?
466
Let f(s) = 105*s - 1792. Calculate f(17).
-7
Let p(z) = -60*z + 15. Calculate p(1).
-45
Let k(a) = 101*a + 154. Determine k(-3).
-149
Let y(v) = v**3 - 17*v**2 + 67*v - 21. Calculate y(7).
-42
Let w(b) = 12*b - 111. Calculate w(13).
45
Let b(g) = -g**3 - g**2 - 2*g - 3. Give b(4).
-91
Let o(y) = 2*y**2 + 25*y + 61. Determine o(-10).
11
Let b(o) = 1785*o - 8917. Determine b(5).
8
Let j(n) = n**3 + 21*n**2 + 34*n - 64. Give j(-19).
12
Let y(f) = -120*f + 11035. Determine y(92).
-5
Let j(c) = 2*c + 2. Give j(21).
44
Let t(z) = -z**3 - 28*z**2 + 17*z - 93. Calculate t(-29).
255
Let d(g) = g**3 - 294*g**2 + 861*g + 29. Give d(3).
-7
Let p(u) = 74*u - 731. What is p(10)?
9
Let s(a) = 9*a + 178. What is s(-8)?
106
Let j(x) = -295*x - 2955. What is j(-10)?
-5
Let b(a) = -48*a + 41. Calculate b(5).
-199
Let l(p) = -p**2 - 2264*p - 18037. What is l(-8)?
11
Let s(y) = 4*y**2 + 10*y + 30. Determine s(-3).
36
Let u(t) = -8*t**2 - 630*t - 12341. What is u(-42)?
7
Let a(r) = -2*r**3 + 13*r**2 - 5*r - 9. Give a(6).
-3
Let g(v) = -v**2 - 114*v - 1556. What is g(-98)?
12
Let b(m) = -m**2 + 238*m - 3962. What is b(220)?
-2
Let m(j) = 9*j**3 + 48*j**2 - 52*j - 95. Give m(-6).
1
Let l(d) = d**3 + 32*d**2 - 966*d - 134. Determine l(19).
-77
Let x(n) = -2*n**2 + 9*n + 100. What is x(-10)?
-190
Let l(x) = -x**3 + 10*x**2 - 172*x + 1071. What is l(7)?
14
Let v(d) = -d**3 - 17*d**2 + 71*d + 261. What is v(-20)?
41
Let y(n) = 9*n**2 + 196*n + 5. Determine y(-22).
49
Let m(p) = -6*p**3 - 24*p**2 - 2*p - 12. Calculate m(-4).
-4
Let c(z) = z**3 + 140*z**2 + 149*z + 1392. Determine c(-139).
2
Let x(t) = 20*t + 153. Determine x(-6).
33
Let w(s) = 73*s - 1297. What is w(18)?
17
Let q(i) = i**2 + 51*i + 223. What is q(-4)?
35
Let k(t) = t**2 + 293*t + 19587. Give k(-104).
-69
Let f(u) = -u**3 - 48*u**2 - 523*u + 118. Give f(-31).
-6
Let t(y) = -6*y**3 - 54*y**2 - 52*y + 2. Calculate t(-1).
6
Let v(j) = -j - 33. What is v(-15)?
-18
Let v(j) = -j**3 + 120*j**2 + 2329*j + 80. Give v(137).
80
Let o(t) = t**3 + t**2 - 16*t + 8. Give o(-5).
-12
Let x(y) = 60*y + 5702. Determine x(-95).
2
Let k(o) = -o**3 + 15*o**2 - 11*o - 26. Calculate k(14).
16
Let v(o) = -2*o**3 - 172*o**2 + 5*o + 434. Give v(-86).
4
Let v(a) = -a**3 - 5*a**2 + 39*a + 168. What is v(-7)?
-7
Let u(i) = 73*i - 9093. Determine u(122).
-187
Let x(g) = 11*g**2 - 218*g - 256. Give x(21).
17
Let t(w) = -3*w**2 + 2*w + 29. What is t(10)?
-251
Let z(x) = x**2 - x - 274. What is z(-15)?
-34
Let r(c) = -151*c + 613. Calculate r(4).
9
Let h(x) = -4*x**3 + 41*x**2 - 6*x + 20. Give h(10).
60
Let h(u) = u**3 - 4*u**2 - 337*u - 66. What is h(-17)?
-406
Let u(s) = 167*s + 1242. What is u(-7)?
73
Let o(w) = -72*w**3 - 6*w**2 + 8*w - 3. What is o(1)?
-73
Let q(u) = -u**2 + 20*u - 20. Give q(11).
79
Let n(v) = -194*v**3 + 4*v**2 + 6*v - 6. What is n(1)?
-190
Let p(b) = 11*b - 46. What is p(4)?
-2
Let f(s) = 20*s**2 + 16*s + 84. What is f(-4)?
340
Let t(y) = y**3 + 25*y**2 - 75*y + 208. Determine t(-28).
-44
Let r(v) = -v**3 + 6*v**2 + 134*v - 9. Give r(-9).
0
Let z(o) = -o**3 - 26*o**2 + 28*o - 141. Calculate z(-27).
-168
Let s(k) = -17*k**3 - 194*k**2 - 80*k - 25. Give s(-11).
8
Let y(b) = 7*b**3 - b**2 - 3*b - 2. Determine y(-1).
-7
Let w(v) = 8*v**2 + 91*v + 45. Give w(-13).
214
Let k(t) = -12*t**2 + 3*t + 34. What is k(5)?
-251
Let d(r) = -3*r + 20. Determine d(3).
11
Let j(b) = -2*b**3 + 46*b**2 - 123*b + 33. Calculate j(20).
-27
Let r(h) = 4*h**2 + 61*h + 25. Calculate r(-14).
-45
Let t(y) = -5*y + 82. What is t(12)?
22
Let m(q) = -q**3 + 8*q**2 + q - 64. Determine m(6).
14
Let p(i) = 3*i**3 - 36*i**2 + 3*i - 40. Give p(12).
-4
Let d(u) = -u**3 + 15*u**2 + 39*u - 396. Give d(16).
-28
Let f(r) = -234*r + 870. Give f(4).
-66
Let r(y) = 59*y - 8309. Give r(139).
-108
Let h(y) = -489*y - 7828. Give h(-16).
-4
Let j(p) = -9*p**2 + 611*p + 1994. Calculate j(71).
6
Let y(z) = z**3 - 50*z**2 - 103*z - 17. Give y(52).
35
Let w(n) = n**2 + 33*n - 95. Calculate w(-35).
-25
Let j(a) = 54*a - 9. Calculate j(1).
45
Let n(d) = -2*d**2 + 23*d + 2. Give n(0).
2
Let v(b) = -4*b**3 - 25*b**2 - 13*b - 5. What is v(-6)?
37
Let q(z) = 1821*z - 1825. Give q(1).
-4
Let k(f) = -3*f**2 + 680*f - 12406. Calculate k(20).
-6
Let c(x) = -7408*x + 51860. Determine c(7).
4
Let v(s) = -4*s**2 + 22*s - 177. What is v(13)?
-567
Let s(b) = -4*b**2 + 108*b - 652. Give s(17).
28
Let c(g) = 885*g - 5277. What is c(6)?
33
Let r(v) = v**3 + 6*v**2 - 37*v - 17. Give r(4).
-5
Let u(q) = -24*q - 50. Calculate u(-10).
190
Let p(d) = d**3 - 21*d**2 + 13*d - 269. Calculate p(21).
4
Let p(o) = -30*o + 4161. Determine p(137).
51
Let n(x) = -6*x**3 - 34*x**2 + 10*x + 1. Calculate n(-6).
13
Let i(o) = -o**2 + 24*o + 391. Determine i(-11).
6
Let q(m) = -737*m - 52331. Calculate q(-71).
-4
Let m(g) = 3*g**2 + 86*g + 38. What is m(-27)?
-97
Let p(o) = 569*o + 634. Determine p(-1).
65
Let b(g) = -250*g - 949. Calculate b(-8).
1051
Let l(p) = p**2 - 26*p + 98. Give l(23).
29
Let z(y) = 244*y + 1712. Determine z(-7).
4
Let z(m) = m**3 + 23*m**2 + 41*m - 36. Give z(-21).
-15
Let m(a) = 39*a - 608. What is m(15)?
-23
Let g(o) = 187*o**2 - o - 93. What is g(0)?
-93